 71421, 23797 = w - 3*x. Suppose -38*d = -40*d + w. Is d prime?
True
Let h(n) be the third derivative of 61*n**5/60 - n**4/3 + 7*n**3/6 + 4*n**2. Let k(g) be the first derivative of h(g). Is k(3) a composite number?
True
Let i = 3480 - -2419. Is i prime?
False
Let s be (6/2)/((-39)/(-78)). Suppose 5*l + s*n - 4239 = 2*n, 3*n + 863 = l. Is l composite?
True
Let f be (-4)/24*2 + 46/3. Suppose 19*m = f*m - 8. Is 1/m*(4 - (1538 + 4)) prime?
True
Let k = 101140 + -11811. Is k a prime number?
True
Let z(l) = l**3 - 5*l**2 - 284*l - 179. Is z(39) composite?
False
Let u(g) = 33*g**3 + 3*g**2 - 28*g + 24. Let z be u(8). Suppose -2*q = -2*t - z, 3*t - 48952 = -5*q - 6740. Is q prime?
True
Let b be (6/(-8))/(1/4) - -4158. Suppose -b = -3*c + 2922. Is c a composite number?
True
Suppose -9*p - 5 + 50 = 0. Suppose 13301 - 1896 = p*n. Is n composite?
False
Let f(d) = 242*d - 1009. Is f(66) a prime number?
False
Suppose p - 279 + 4472 = 0. Let h = 11032 + p. Is h a composite number?
True
Suppose -21 - 13 = -4*l + 2*a, 5*l - 50 = 5*a. Let p be (l - -1829) + (-1 - 0). Let i = -1242 + p. Is i composite?
False
Suppose 6*j - 2*p = 5*j + 17, j = 4*p + 17. Suppose 0 = j*z - 54095 - 3960. Is z a composite number?
True
Suppose -3*o + 2*c = -1344521, -5*o + 5*c = -2961149 + 720269. Is o composite?
False
Suppose 0 = -138*a + 123*a + 45. Suppose -2*z + 2374 = a*q - 7214, -4*q + 12779 = z. Is q a composite number?
True
Let g = -5783 - -8198. Let q be 32/(-12)*g/14. Let j = 783 + q. Is j a composite number?
True
Let v = 398 + -375. Suppose -302539 = -v*w - 67686. Is w a composite number?
False
Let p(y) be the second derivative of y**6/72 + 3*y**5/20 + 7*y**4/24 - y**3/2 - 14*y. Let h(d) be the second derivative of p(d). Is h(-12) a prime number?
False
Let v(r) = 92*r - 278*r + 71 - 1147*r. Is v(-6) a prime number?
True
Let q = 2593 + -1430. Is q a prime number?
True
Suppose -8*f = -14*f + 67218. Suppose -10*n = 7*n - f. Is n a prime number?
True
Let z = 49492 - 20691. Is z a composite number?
True
Let r = -350 - -352. Suppose 3102 = 3*p - 5*h - 213209, -4*h + 144222 = r*p. Is p a composite number?
True
Is 29243/((-6)/((-42)/7)) a composite number?
False
Suppose -8*n - 135 = -23*n. Suppose -n*h - h = -1520. Suppose -q + 3*s = -h, 5*q + 7*s - 742 = 4*s. Is q a composite number?
False
Suppose 0 = -4*p + 36 + 4. Let c(x) = 3*x**3 + 3*x**2 - 11*x + 9. Let n be c(p). Suppose 6*h - n = -h. Is h composite?
False
Let f = -50 - -42. Let v(t) = -2*t**3 - 10*t**2 - 6*t - 19. Let a be v(f). Let k = a + -162. Is k prime?
True
Is 5/((-210)/4) - (331907300/(-105))/20 prime?
False
Suppose 0 = 2*u - 5*v - 468040, -5*v = -26*u + 27*u - 234065. Is u prime?
False
Suppose -l + 40 = 9*l. Suppose 3*o - 9 = 3, 0 = -l*r - 4*o + 99380. Is r composite?
False
Let i be (-35)/(-9) + 7*(-7)/(-441). Let m(d) = 28*d + 1. Is m(i) composite?
False
Suppose -20*x + 470 = -15*x. Is (932/(-14))/(x/14 + -7) prime?
True
Suppose -2*h = -r + 97956, -8*r + h - 293875 = -11*r. Let a = r - 46081. Is a a composite number?
True
Suppose 11110992 = 54*s + 8000343 - 16165137. Is s a composite number?
False
Let z(m) = -2*m**2 + 32*m - 109. Let o be z(11). Let u(a) = 4920*a**3 - 3*a**2 - 2*a + 3. Is u(o) a composite number?
True
Let d = 419936 - 106075. Is d prime?
False
Let m be 3/6 + (-14)/(-4). Suppose y + x - 6*x - 778 = 0, 5*y - m*x - 3827 = 0. Let k = y - -2274. Is k a composite number?
False
Suppose 0 = 2*q - 4*s + 24, -3*q + 3*s - 7*s + 4 = 0. Is -4 + (3509 - (-2 + q)) a composite number?
False
Let h = 11636 + 20321. Is h prime?
True
Suppose 0*w + 45 = 3*w. Suppose -z - 2*v + 22 = 2*v, 5*z + v = w. Suppose t - 2*l = z*t - 325, 0 = t - 4*l - 343. Is t a composite number?
False
Let y = 42 + -39. Suppose -3*k = y, 4*t + k + 4075 - 14606 = 0. Is t a composite number?
False
Suppose -5*v = -5*c, -3*c + 30 = v + 10. Suppose -v*k = m - 54, 2*k + 24 = m - 3*k. Suppose 34*y + 445 = m*y. Is y prime?
True
Suppose 5*s = -0*s - 2*j + 2218, 896 = 2*s + 3*j. Is (-68)/s + (-18126)/(-26) a composite number?
True
Suppose -1205 = -2*b - 5*r + 450, r - 1659 = -2*b. Let q = b - 565. Is q a composite number?
True
Let l(v) = -2*v**2 - 18*v - 14. Let m be l(-8). Let o be m*(-10)/(-6)*12/10. Suppose 2*b - 3*x = o*b - 3031, x = b - 1518. Is b composite?
True
Suppose 0 = -3*b - 6, 2*b - 15 = -q + 6*b. Suppose 0 = -l + 5*j + 341, q*l - 2*l + j = 1653. Is l prime?
True
Let k(x) = 6*x - 33. Let t be k(6). Suppose -76950 + 1203 = -t*u. Is u a composite number?
True
Suppose 4*l = 13245 + 25471. Let j = l + -6818. Is j a composite number?
False
Suppose n = -7*n + 8. Suppose 0 = -2*l + 4*y + 10, n + 16 = 4*l - 5*y. Suppose 661 = l*c - 2*d, -c = -4*c - d + 664. Is c prime?
False
Is ((-3142)/(-8))/((-14)/224*-4) a composite number?
False
Let i(q) = -78*q**3 - 11*q**2 - 48*q - 7. Is i(-12) a composite number?
False
Suppose 110*d - 109*d = 7033. Is d a prime number?
False
Suppose 4*g + c + 4150 = 0, -2*c = 2*g - 3*g - 1033. Let z = 3868 + g. Is z a composite number?
True
Suppose 3*i - 37 = -5*m, 2*i + m = i + 9. Suppose -z = c - 22, -i*c + 8*c - 4 = 0. Is z prime?
False
Let t(n) = 419*n**2 + 50*n - 221. Is t(4) a prime number?
False
Suppose -63*x - 136719 = -96*x. Is x a composite number?
True
Let x(c) = -21*c**3 + 3*c + 9. Let a be x(-7). Suppose -5*m + a = -0*m + 4*w, -w = 2*m - 2877. Is m prime?
True
Let l(u) = -u**2 + 10*u + 6. Let w = -10 + 19. Let t be l(w). Suppose t*m = 13*m + 474. Is m a composite number?
True
Is (6461964/135)/(28/35) prime?
True
Suppose -2163*t = -2162*t - 6, 706309 = 5*l + 4*t. Is l prime?
True
Let y(r) be the second derivative of -4*r**3 + 115*r**2/2 + 3*r + 13. Is y(-16) a prime number?
True
Let t(f) = 11520*f + 7. Is t(4) a composite number?
True
Suppose j + 5*v - 1109 = 0, 0 = -4*j - 2*v - 2*v + 4372. Let a = j - 297. Suppose y - 2*c = a + 1119, -5*y = 4*c - 9569. Is y prime?
True
Let o(k) = -1733*k - 19. Let n be o(6). Let a = -6746 - n. Is a prime?
True
Let r be (-4)/1*-4*(-1)/(-2). Suppose y + 3*y = -b + 1593, 0 = -5*y - 4*b + 1983. Suppose -r*z = -5*z - y. Is z a prime number?
False
Suppose 0 = 89*w - 6713121 - 17392618. Is w a prime number?
False
Let j(b) be the second derivative of -b**5/20 - 3*b**4/4 - 5*b**3/2 - 14*b**2 + 271*b. Is j(-11) composite?
False
Let a(n) be the third derivative of 61*n**6/60 + 7*n**5/60 + n**4/12 + 4*n**3/3 + 27*n**2 + 1. Is a(5) prime?
True
Let p = -55122 + 314081. Is p prime?
True
Suppose -6 = -0*y - 3*y, -3*y + 62 = 4*p. Suppose 0 = -p*g + 7*g + 21. Suppose 3*l - 12 = 0, -g*z - z - l = -4848. Is z composite?
True
Suppose 0 = r + 4*k + 5794, k + 4*k = -5*r - 28955. Let z = r - -11603. Is z a composite number?
False
Suppose -10*r - 3*r = -117. Suppose -3*q + 0 = -r. Suppose 3*g = -15, -2*g + 1250 + 687 = q*l. Is l a prime number?
False
Let v = 12429 + -8710. Is v composite?
False
Let v(c) = 15*c**2 + 12*c - 31. Let n be v(-12). Suppose -2*h + n = -1725. Suppose -2*f + h - 53 = 0. Is f a prime number?
False
Let r be 2/6*-2*732/(-244). Let l(s) = -s**2 - 10*s + 11. Let g be l(-11). Is (r - 1) + 2 - (-334 + g) composite?
False
Let f be (-2)/((-4)/125)*4. Let c = -423 - f. Let k = -462 - c. Is k prime?
True
Let k(t) = t**2 - 9*t - 42. Let g be k(12). Is 0 + g + 0 + 869 a prime number?
True
Suppose -23*n = -22*n - 36139. Let t = -13388 + n. Is t composite?
False
Suppose 11 = 2*h - 5*o, -223*h + 13 = -219*h - o. Let b(z) = -z**2 - 3*z + 3. Let j be b(-3). Suppose -h*x + j*a - 137 = -7*x, 143 = 4*x - 3*a. Is x prime?
False
Let n(c) = -3*c + 1. Let a be n(-1). Suppose -5*h + 24660 = 5*o, -5*h + 9*o = a*o - 24620. Suppose -6*m + h = 926. Is m prime?
False
Let d(f) = 95*f - 180. Let o be d(-20). Let k(c) = -25*c**3 - 7*c**2 + c - 2. Let i be k(5). Let b = o - i. Is b a composite number?
False
Let z = 42296 + -11569. Is z prime?
True
Let b be (-3)/(-2) + (-105)/(-42). Suppose b*w - 71 = 73. Is (2 - w/16)*-1180 a composite number?
True
Let f = 8374 + -4023. Suppose -34 - f = -5*z. Is z a composite number?
False
Suppose -4*f - 22 - 2 = 3*i, -i = -f + 1. Let k be 2/(i - (-100)/24). Is 124 - k/(4/(-1)) prime?
True
Let o = -471306 + 1124737. Is o prime?
True
Suppose 211*a = 9346149 + 29817772. Is a prime?
False
Suppose -4*n - 2*j + 794214 = 0, -3*n + 26*j + 595663 = 30*j. Is n composite?
False
Suppos